te?
False
Is 1763887 prime?
True
Is 4187 a prime number?
False
Is 2890909 composite?
True
Is 3449 a composite number?
False
Is 10223 a prime number?
True
Is 1050029 prime?
False
Is 15907 a prime number?
True
Is 2870471 a prime number?
True
Is 1260731 a prime number?
True
Is 9353 a prime number?
False
Is 2539 a prime number?
True
Is 62047 prime?
True
Is 10895 a prime number?
False
Is 38427 a prime number?
False
Is 2417 prime?
True
Is 82757 prime?
True
Is 14051 composite?
False
Is 6247 a composite number?
False
Is 230213 a composite number?
False
Is 1407545 composite?
True
Is 142837 a composite number?
False
Is 129527 a prime number?
True
Is 392501 prime?
False
Is 102367 prime?
True
Is 287967 a composite number?
True
Is 4673 a prime number?
True
Is 1517 a composite number?
True
Is 758491 a prime number?
True
Is 2059 composite?
True
Is 23407 a composite number?
True
Is 174347 composite?
False
Is 8339 composite?
True
Is 26933 prime?
False
Is 59329 a composite number?
True
Is 77299 a prime number?
False
Is 8287 composite?
False
Is 342949 prime?
True
Is 101666 a composite number?
True
Is 724973 a prime number?
False
Is 4889 a prime number?
True
Is 67211 a prime number?
True
Is 179713 composite?
True
Is 4679 a composite number?
False
Is 4241 composite?
False
Is 294887 composite?
False
Is 38461 a prime number?
True
Is 1027 prime?
False
Is 87617 composite?
True
Is 21797 a composite number?
True
Is 2326421 prime?
True
Is 494873 prime?
True
Is 83593 a prime number?
False
Is 33461 a prime number?
True
Is 489941 composite?
False
Is 2749 prime?
True
Is 8513 a composite number?
False
Is 507289 a composite number?
False
Is 74881 composite?
True
Is 5079 a prime number?
False
Is 9311 a prime number?
True
Is 4073 composite?
False
Is 494647 a prime number?
True
Is 25939 composite?
False
Is 1219411 a prime number?
True
Is 25717 a prime number?
True
Is 9107 prime?
False
Is 116209 a prime number?
False
Is 121777 a prime number?
False
Is 8623 composite?
False
Is 31847 composite?
False
Is 3203 prime?
True
Is 237137 a composite number?
False
Is 29789 a composite number?
False
Is 796121 a composite number?
False
Is 1802618 a composite number?
True
Is 36293 prime?
True
Is 51583 a composite number?
True
Is 109717 prime?
True
Is 557894 a prime number?
False
Is 25733 composite?
False
Is 24907 a composite number?
False
Is 16505 a composite number?
True
Is 3137 prime?
True
Is 6913 a composite number?
True
Is 5227 composite?
False
Is 2767 prime?
True
Is 85673 prime?
False
Is 17863 prime?
True
Is 23285 composite?
True
Is 68261 a prime number?
True
Is 96983 composite?
True
Is 79621 composite?
False
Is 44107 composite?
True
Is 97 composite?
False
Is 48731 composite?
False
Is 40889 composite?
True
Is 21781 a composite number?
True
Is 19563 prime?
False
Is 16331 prime?
False
Is 6401 composite?
True
Is 1324955 composite?
True
Is 145059 prime?
False
Is 32741 prime?
False
Is 10667 composite?
False
Is 28319 prime?
True
Is 17153 prime?
False
Is 9293 a composite number?
False
Is 42787 a composite number?
False
Is 2153 prime?
True
Is 1303343 a prime number?
False
Is 5077 prime?
True
Is 7121 a composite number?
False
Is 3269 composite?
True
Is 226027 a prime number?
True
Is 66622 a prime number?
False
Is 3785221 a composite number?
True
Is 277111 a prime number?
False
Is 490973 prime?
False
Is 15511 composite?
False
Is 120418 composite?
True
Is 2819 a composite number?
False
Is 44069 a composite number?
True
Is 841 composite?
True
Is 27827 composite?
False
Is 36118 composite?
True
Is 5461 a prime number?
False
Is 32701 composite?
True
Is 862337 a composite number?
True
Is 1337 composite?
True
Is 2245846 a prime number?
False
Is 18703 composite?
True
Is 2103899 a composite number?
True
Is 9975343 composite?
True
Is 719 a prime number?
True
Is 3739 a composite number?
False
Is 190979 prime?
True
Is 43863 composite?
True
Is 2161 prime?
True
Is 24611 prime?
True
Is 50231 a composite number?
False
Is 28429 a prime number?
True
Is 25693 composite?
False
Is 5297 a prime number?
True
Is 31363 a prime number?
False
Is 34717 a prime number?
False
Is 6247 a composite number?
False
Is 62081 a composite number?
False
Is 239 a composite number?
False
Is 645619 a prime number?
False
Is 54589 prime?
False
Is 513503 composite?
True
Is 10533 a prime number?
False
Is 2683 a prime number?
True
Is 2568161 composite?
True
Is 8682719 prime?
True
Is 10883 prime?
True
Is 5851 a composite number?
False
Is 8353 a prime number?
True
Is 28751 composite?
False
Is 31139 a composite number?
False
Is 511001 composite?
False
Is 484921 composite?
True
Is 3369 composite?
True
Is 4767299 a prime number?
True
Is 15253 a composite number?
True
Is 6733 prime?
True
Is 3183 a composite number?
True
Is 3695 composite?
True
Is 2762 composite?
True
Is 52219 a composite number?
True
Is 1584251 a composite number?
True
Is 6841 prime?
True
Is 23267 composite?
True
Is 1308071 a composite number?
True
Is 750073 composite?
True
Is 44633 prime?
True
Is 6491 a prime number?
True
Is 44093 prime?
False
Is 667 prime?
False
Is 359 a composite number?
False
Is 635665 composite?
True
Is 175949 prime?
True
Is 15077 a prime number?
True
Is 14119 a prime number?
False
Is 34321 composite?
True
Is 757403 composite?
False
Is 649 composite?
True
Is 1717 a prime number?
False
Is 24071 a composite number?
False
Is 453655 prime?
False
Is 63107 prime?
False
Is 1430441 composite?
False
Is 1599415 prime?
False
Is 6580495 prime?
False
Is 130003 a prime number?
True
Is 2149 a prime number?
False
Is 149585 a prime number?
False
Is 8047 a composite number?
True
Is 66127 composite?
True
Is 73813 prime?
False
Is 52667 a composite number?
False
Is 653117 composite?
False
Is 499 a composite number?
False
Is 3313 a prime number?
True
Is 15231 prime?
False
Is 49103 a composite number?
False
Is 1076323 a prime number?
True
Is 8422 a prime number?
False
Is 232571 composite?
False
Is 1655 a composite number?
True
Is 67057 a prime number?
True
Is 12319 prime?
False
Is 3251 a composite number?
False
Is 36319 a prime number?
True
Is 4174 prime?
False
Is 1849933 a prime number?
True
Is 73069 prime?
False
Is 29077 a prime number?
True
Is 1284601 a prime number?
True
Is 2095 prime?
False
Is 3163 prime?
True
Is 11423 a prime number?
True
Is 8951 composite?
False
Is 23929 prime?
True
Is 226267 prime?
True
Is 7279 prime?
False
Is 39961 a prime number?
False
Is 234035 prime?
False
Is 7237 composite?
False
Is 559453 a composite number?
True
Is 83813 composite?
False
Is 8497 composite?
True
Is 21839 a composite number?
False
Is 3017 prime?
False
Is 5737 a composite number?
False
Is 253969 a prime number?
True
Is 614815 a prime number?
False
Is 5273 composite?
False
Is 187847 prime?
False
Is 172117 prime?
False
Is 5639 a prime number?
True
Is 3967 a composite number?
False
Is 2669 prime?
False
Is 40159 a prime number?
False
Is 18901 a prime number?
False
Is 379597 prime?
True
Is 246387 composite?
True
Is 29257 a composite number?
True
Is 1125507 composite?
True
Is 72263 a composite number?
True
Is 8287 a prime number?
True
Is 166033 a composite number?
True
Is 846427 a composite number?
False
Is 194015 a prime number?
False
Is 94495 prime?
False
Is 227771 composite?
True
Is 89867 a prime number?
True
Is 33703 composite?
False
Is 1031 a composite number?
False
Is 1033631 a prime number?
True
Is 26407 prime?
True
Is 1417819 a prime number?
False
Is 140047 prime?
False
Is 195193 composite?
False
Is 48359 a prime number?
False
Is 33641 a composite number?
False
Is 1638869 composite?
False
Is 6805 composite?
True
Is 27449 a prime number?
True
Is 40483 composite?
False
Is 853759 a composite number?
False
Is 234829 composite?
True
Is 88898 prime?
False
Is 1155821 a composite number?
False
Is 25663 a prime number?
False
Is 88097 a composite number?
True
Is 400687 a prime number?
False
Is 1541 prime?
False
Is 68311 a prime number?
True
Is 216409 composite?
True
Is 889 a composite number?
True
Is 350213 composite?
False
Is 214723 a prime number?
True
Is 124841 prime?
False
Is 494843 a composite number?
False
Is 16431 a prime number?
False
Is 8654 a prime number?
False
Is 19949 composite?
False
Is 47563 composite?
False
Is 42323 prime?
True
Is 1774582 prime?
False
Is 11255 composite?
True
Is